{"id":26,"date":"2020-09-03T23:58:05","date_gmt":"2020-09-03T21:58:05","guid":{"rendered":"http:\/\/mso-atelier.com\/?page_id=26"},"modified":"2026-01-14T14:59:48","modified_gmt":"2026-01-14T13:59:48","slug":"mso-atelier","status":"publish","type":"page","link":"https:\/\/mso-atelier.com\/","title":{"rendered":""},"content":{"rendered":"\n<h5 class=\"has-text-align-left\">Mso \/\/ Explorations graphiques, humaines &amp; spatiales \/\/\/ Projets socioculturels \/\/<\/h5>\n\n\n\n<p>Bienvenue !       Mes derni\u00e8res cr\u00e9ations et actualit\u00e9s sont visibles sur ma page Instagram &#8230;<\/p>\n\n\n\n<p><strong>Instagram : <a href=\"https:\/\/www.instagram.com\/mso_soriano\/\" target=\"_blank\" rel=\"noreferrer noopener\">mso_soriano<\/a>  <\/strong>      <\/p>\n\n\n\n<figure class=\"wp-block-gallery has-nested-images columns-default is-cropped\">\n<figure class=\"wp-block-image size-large\"><img loading=\"lazy\" width=\"1024\" height=\"1024\" data-id=\"6\"  src=\"http:\/\/mso-atelier.com\/wp-content\/uploads\/2020\/09\/IMG_20191111_005232_668-1024x1024.jpg\" alt=\"Photographie Galaxy\" class=\"wp-image-6\" srcset=\"https:\/\/mso-atelier.com\/wp-content\/uploads\/2020\/09\/IMG_20191111_005232_668-1024x1024.jpg 1024w, https:\/\/mso-atelier.com\/wp-content\/uploads\/2020\/09\/IMG_20191111_005232_668-150x150.jpg 150w, https:\/\/mso-atelier.com\/wp-content\/uploads\/2020\/09\/IMG_20191111_005232_668-300x300.jpg 300w, https:\/\/mso-atelier.com\/wp-content\/uploads\/2020\/09\/IMG_20191111_005232_668-768x768.jpg 768w, https:\/\/mso-atelier.com\/wp-content\/uploads\/2020\/09\/IMG_20191111_005232_668-1568x1568.jpg 1568w\" sizes=\"(max-width: 1024px) 100vw, 1024px\" \/><\/figure>\n\n\n\n<figure class=\"wp-block-image size-large\"><img loading=\"lazy\" width=\"1024\" height=\"1024\" data-id=\"7\"  src=\"http:\/\/mso-atelier.com\/wp-content\/uploads\/2020\/09\/IMG_20200829_173917_561-1024x1024.jpg\" alt=\"s\u00e9rigraphie constellation zoom\" class=\"wp-image-7\" srcset=\"https:\/\/mso-atelier.com\/wp-content\/uploads\/2020\/09\/IMG_20200829_173917_561-1024x1024.jpg 1024w, https:\/\/mso-atelier.com\/wp-content\/uploads\/2020\/09\/IMG_20200829_173917_561-150x150.jpg 150w, https:\/\/mso-atelier.com\/wp-content\/uploads\/2020\/09\/IMG_20200829_173917_561-300x300.jpg 300w, https:\/\/mso-atelier.com\/wp-content\/uploads\/2020\/09\/IMG_20200829_173917_561-768x768.jpg 768w, https:\/\/mso-atelier.com\/wp-content\/uploads\/2020\/09\/IMG_20200829_173917_561.jpg 1080w\" sizes=\"(max-width: 1024px) 100vw, 1024px\" \/><\/figure>\n\n\n\n<figure class=\"wp-block-image size-large\"><img loading=\"lazy\" width=\"1024\" height=\"1024\" data-id=\"8\"  src=\"http:\/\/mso-atelier.com\/wp-content\/uploads\/2020\/09\/IMG_20191004_141021_729-1024x1024.jpg\" alt=\"Photographie casiers p\u00eache\" class=\"wp-image-8\" srcset=\"https:\/\/mso-atelier.com\/wp-content\/uploads\/2020\/09\/IMG_20191004_141021_729-1024x1024.jpg 1024w, https:\/\/mso-atelier.com\/wp-content\/uploads\/2020\/09\/IMG_20191004_141021_729-150x150.jpg 150w, https:\/\/mso-atelier.com\/wp-content\/uploads\/2020\/09\/IMG_20191004_141021_729-300x300.jpg 300w, https:\/\/mso-atelier.com\/wp-content\/uploads\/2020\/09\/IMG_20191004_141021_729-768x768.jpg 768w, https:\/\/mso-atelier.com\/wp-content\/uploads\/2020\/09\/IMG_20191004_141021_729.jpg 1080w\" sizes=\"(max-width: 1024px) 100vw, 1024px\" \/><\/figure>\n<\/figure>\n\n\n\n<figure class=\"wp-block-image\"><img alt=\"\"\/><\/figure>\n","protected":false},"excerpt":{"rendered":"<p>Mso \/\/ Explorations graphiques, humaines &amp; spatiales \/\/\/ Projets socioculturels \/\/ Bienvenue ! Mes derni\u00e8res cr\u00e9ations et actualit\u00e9s sont visibles sur ma page Instagram &#8230; Instagram : mso_soriano<\/p>\n","protected":false},"author":1,"featured_media":0,"parent":0,"menu_order":0,"comment_status":"closed","ping_status":"closed","template":"","meta":[],"yoast_head":"<!-- This site is optimized with the Yoast SEO plugin v14.9 - https:\/\/yoast.com\/wordpress\/plugins\/seo\/ -->\n<title>- Mso Atelier _ Marie Soriano<\/title>\n<meta name=\"robots\" content=\"index, follow, max-snippet:-1, max-image-preview:large, max-video-preview:-1\" \/>\n<link rel=\"canonical\" href=\"https:\/\/mso-atelier.com\/\" \/>\n<meta property=\"og:locale\" content=\"fr_FR\" \/>\n<meta property=\"og:type\" content=\"article\" \/>\n<meta property=\"og:title\" content=\"- Mso Atelier _ Marie Soriano\" \/>\n<meta property=\"og:description\" content=\"Mso \/\/ Explorations graphiques, humaines &amp; spatiales \/\/\/ Projets socioculturels \/\/ Bienvenue ! Mes derni\u00e8res cr\u00e9ations et actualit\u00e9s sont visibles sur ma page Instagram &#8230; Instagram : mso_soriano\" \/>\n<meta property=\"og:url\" content=\"https:\/\/mso-atelier.com\/\" \/>\n<meta property=\"og:site_name\" content=\"Mso Atelier _ Marie Soriano\" \/>\n<meta property=\"article:modified_time\" content=\"2026-01-14T13:59:48+00:00\" \/>\n<meta property=\"og:image\" content=\"http:\/\/mso-atelier.com\/wp-content\/uploads\/2020\/09\/IMG_20191111_005232_668-1024x1024.jpg\" \/>\n<meta name=\"twitter:card\" content=\"summary_large_image\" \/>\n<script type=\"application\/ld+json\" class=\"yoast-schema-graph\">{\"@context\":\"https:\/\/schema.org\",\"@graph\":[{\"@type\":\"WebSite\",\"@id\":\"https:\/\/mso-atelier.com\/#website\",\"url\":\"https:\/\/mso-atelier.com\/\",\"name\":\"Mso Atelier _ Marie Soriano\",\"description\":\"Marie Soriano\",\"potentialAction\":[{\"@type\":\"SearchAction\",\"target\":\"https:\/\/mso-atelier.com\/?s={search_term_string}\",\"query-input\":\"required name=search_term_string\"}],\"inLanguage\":\"fr-FR\"},{\"@type\":\"ImageObject\",\"@id\":\"https:\/\/mso-atelier.com\/#primaryimage\",\"inLanguage\":\"fr-FR\",\"url\":\"http:\/\/mso-atelier.com\/wp-content\/uploads\/2020\/09\/IMG_20191111_005232_668-1024x1024.jpg\"},{\"@type\":\"WebPage\",\"@id\":\"https:\/\/mso-atelier.com\/#webpage\",\"url\":\"https:\/\/mso-atelier.com\/\",\"name\":\"- Mso Atelier _ Marie Soriano\",\"isPartOf\":{\"@id\":\"https:\/\/mso-atelier.com\/#website\"},\"primaryImageOfPage\":{\"@id\":\"https:\/\/mso-atelier.com\/#primaryimage\"},\"datePublished\":\"2020-09-03T21:58:05+00:00\",\"dateModified\":\"2026-01-14T13:59:48+00:00\",\"inLanguage\":\"fr-FR\",\"potentialAction\":[{\"@type\":\"ReadAction\",\"target\":[\"https:\/\/mso-atelier.com\/\"]}]}]}<\/script>\n<!-- \/ Yoast SEO plugin. -->","_links":{"self":[{"href":"https:\/\/mso-atelier.com\/index.php\/wp-json\/wp\/v2\/pages\/26"}],"collection":[{"href":"https:\/\/mso-atelier.com\/index.php\/wp-json\/wp\/v2\/pages"}],"about":[{"href":"https:\/\/mso-atelier.com\/index.php\/wp-json\/wp\/v2\/types\/page"}],"author":[{"embeddable":true,"href":"https:\/\/mso-atelier.com\/index.php\/wp-json\/wp\/v2\/users\/1"}],"replies":[{"embeddable":true,"href":"https:\/\/mso-atelier.com\/index.php\/wp-json\/wp\/v2\/comments?post=26"}],"version-history":[{"count":15,"href":"https:\/\/mso-atelier.com\/index.php\/wp-json\/wp\/v2\/pages\/26\/revisions"}],"predecessor-version":[{"id":732,"href":"https:\/\/mso-atelier.com\/index.php\/wp-json\/wp\/v2\/pages\/26\/revisions\/732"}],"wp:attachment":[{"href":"https:\/\/mso-atelier.com\/index.php\/wp-json\/wp\/v2\/media?parent=26"}],"curies":[{"name":"wp","href":"https:\/\/api.w.org\/{rel}","templated":true}]}}